7.
11
Suppose 4*t - 2*b - 458 = 0, -4*b = 5*t + 176 - 755. Suppose -467 = -25*l + 3558. Calculate the highest common factor of l and t.
23
Let p(a) = -a**2 + 15*a - 37. Let i be p(4). Suppose i*u - 24*u = 272. Let r = -10 - u. Calculate the highest common divisor of r and 18.
6
Suppose 3*w = 3*f + 6, -f + 2*f - 5*w = -10. Suppose -4*q + 14*q - 430 = f. Calculate the greatest common divisor of 473 and q.
43
Suppose -186*s = -177*s - 2961. Suppose 0 = 11*g - s - 463. Calculate the greatest common divisor of 32 and g.
8
Let d(u) = -3*u + 10. Let r be d(3). Suppose -9*o - 431 = r. Let s be ((-17)/(-4) - -1) + o/192. What is the greatest common factor of s and 115?
5
Suppose 4*y = -0*y + 16. Suppose y*f + 5*n = -92, -6*f + 5*n = -f + 115. Let s = 17 - f. Calculate the highest common factor of s and 20.
20
Let x = 375 + -169. Suppose -f = 3*q + x, -81 = 5*q - f + 249. Let p = -31 - q. What is the greatest common factor of p and 12?
12
Suppose 3*h - 4*h - 20 = -2*a, -a = -3*h. Let f = 378 + -374. What is the greatest common divisor of f and a?
4
Let a = 6848 - 6191. Calculate the highest common factor of a and 288.
9
Let f = 40 + -29. Suppose 0 = f*z - 4*z - 224. Let d = 52 - z. What is the highest common divisor of 160 and d?
20
Let h be (-6*4/(-6))/1. Let j be 6/1 + (72 - 75). Suppose 0*q = j*d + q - 74, h*q = 20. What is the highest common factor of d and 23?
23
Let y be 9/(-12)*(36 + -28). Let w be (-2275)/(-39) - (-14)/y. What is the highest common factor of w and 7?
7
Let d be (5887/(-2) + 0)*(-13)/((-182)/(-16)). Calculate the greatest common divisor of d and 290.
58
Let j = -2243 + 1490. Let a = 883 + j. Calculate the greatest common divisor of a and 50.
10
Let t = 41339 - 41240. Calculate the greatest common factor of 621 and t.
9
Let c(w) = -2*w**3 - 22*w**2 + 10*w - 13. Let a be c(-12). What is the greatest common factor of a and 465?
155
Suppose -4*f - t - 211 = 0, -4*f - 7 - 214 = -t. Let a = -16 - f. What is the highest common factor of a and 57?
19
Suppose 53*r = 48*r + 275. Suppose 0 = m - r - 73. Let o(k) = 7*k + 99. Let j be o(-13). What is the greatest common factor of m and j?
8
Let i = -217 + 219. Suppose -y + 329 = -i*a, -a + 540 = 5*y - 1105. Calculate the highest common factor of 7 and y.
7
Suppose -27*i + 261 - 1353 = -79*i. What is the greatest common factor of i and 3108?
21
Suppose -7*j + 16 = -215. Suppose j*a - 6*a = 5508. Calculate the highest common factor of 153 and a.
51
Let s(p) = -p**2 + 17*p - 27. Let a be s(14). Suppose 0 = 7*d - 6*d - a. Calculate the greatest common factor of 3 and d.
3
Let f = 303 - 292. Let b(k) = k**2 + k + 5. Let j(t) = -t**2 - 10*t - 9. Let s be j(-10). Let c be b(s). Calculate the highest common divisor of f and c.
11
Let t(b) = -20*b + 111. Let j(z) = -4. Let h(g) = 4*j(g) - t(g). Let s be h(7). What is the greatest common factor of s and 52?
13
Let q(x) = x**2 - 3*x + 9. Suppose -2*l - 11 = -19. Let h be q(l). Let y = h - -29. Calculate the greatest common divisor of y and 6.
6
Let a = -30 - -52. Suppose 176*n = 34980 - 9812. What is the highest common divisor of a and n?
11
Let u be (-10 - 171/(-36))/(801/(-264) + 3). Calculate the greatest common factor of 385 and u.
77
Suppose 5*f - 7 = -2*w, 4*f - 65 = w - 88. Suppose w*s + 239 - 459 = 0. Suppose 0 = -3*t + 335 + 85. What is the greatest common divisor of s and t?
20
Let q(g) = 2*g**2 + 13*g + 5. Let z be (-79)/11 + 58/319. Let m be q(z). What is the highest common factor of 16 and m?
4
Let o = 11449 + -10900. Calculate the greatest common factor of 36 and o.
9
Let b = -2578 - -2580. What is the greatest common factor of b and 4?
2
Let z = 2803 + -2723. Let a(l) = -l**3 - 2*l**2 - 2*l - 3. Let g be a(-7). What is the greatest common factor of z and g?
16
Suppose p - 5*p + 560 = 0. Let t be (21/(-2))/((378/112)/(-9)). Calculate the highest common factor of t and p.
28
Suppose -h = 4*h - 360. Let x = -37 + h. Let v be 2 - 22*(-84)/154. Calculate the greatest common divisor of v and x.
7
Let a be (-3 + (-5)/(-10))*-2. Suppose 2*z - 5 = 3*y, -a*y + z = -2 + 1. Let f be 258/4 + y + (-3)/(-6). Calculate the greatest common divisor of f and 44.
22
Suppose 25*d - 72 = 7*d. Suppose 70 = 4*z + 2*c, -5*c + 2*c = d*z - 65. What is the greatest common divisor of 30 and z?
10
Let k(c) = 3*c**3 + 69*c**2 - 20*c + 13. Let p be k(-13). Calculate the highest common divisor of p and 117.
39
Let c(t) = 3*t**2 - 108*t + 219. Let n be c(34). Let k = 23 - 14. Calculate the highest common divisor of n and k.
3
Let r(q) = 8*q**2 - 3*q + 13. Let l be r(3). What is the highest common divisor of l and 2622?
38
Let a(o) = 7*o**2 - 2*o - 1. Let k be a(-2). Let s = -5 - 18. Let m = s + k. What is the highest common factor of m and 24?
8
Let z be -26 + 30 + (-4)/(-1). Suppose 63*q = 43*q + 320. What is the highest common factor of z and q?
8
Let q = 12992 + -12250. Calculate the greatest common factor of 7844 and q.
106
Let o(r) = -r**2 + 18*r - 37. Let w = -63 + 79. Let k be o(w). Let n(d) = -7*d + 17. Let l be n(k). What is the greatest common factor of l and 312?
52
Let d = -23284 - -23404. Calculate the highest common divisor of 15240 and d.
120
Suppose 9*n - 5604 - 1020 = 0. Calculate the greatest common factor of 115 and n.
23
Suppose 1 = m + 3, 0 = 5*h + 2*m - 186. Let s(k) = 25*k**2 + 4*k + 7. Let y be s(-2). Suppose 91 = 2*q - y. What is the highest common factor of q and h?
19
Let d be (-1)/(-10) + (-499785)/(-150) - (-26 - -21). Calculate the greatest common divisor of 710 and d.
71
Suppose 2*h = -4*t - h + 29, 5*t - 35 = -5*h. Suppose 2216*d = 2271*d - 1210. Calculate the highest common divisor of d and t.
2
Let r be 452/5 - (-2)/(-5). Suppose -y = -6*y + 10. Suppose -2*x = 3*s - 94, 5*x = -5*s + y*x + 156. Calculate the highest common divisor of r and s.
30
Let a be (-4)/22 - 3924/(-44). Let l = a + -63. Let w = -2 + l. What is the greatest common factor of 3 and w?
3
Suppose -3*v = 5*q - 30583 - 18804, -3*q + 4*v = -29580. Calculate the highest common divisor of q and 112.
16
Suppose 0 = 3*w - r - 43, -w + 4*r - 24 = -3*w. Let f be w/49 + (-279)/21. Let k be 58/377 + (-128)/f. Calculate the greatest common divisor of k and 10.
10
Let f = 25375 - 6163. What is the highest common factor of 12 and f?
12
Let q = 357 - 213. Let b be (5/(-4))/((-1300)/q - -9). Calculate the greatest common divisor of 27 and b.
9
Suppose w = 184 + 3. Let k(l) = -2650*l - 18533. Let y be k(-7). Calculate the highest common divisor of w and y.
17
Let o(b) = -b**3 - 17*b**2 + 26*b - 32. Suppose 5*p = -v - 100, 5*v - v = -5*p - 115. Let t be o(p). Calculate the highest common factor of 28 and t.
28
Let w = -216 + 251. Suppose -2*p + w = 7. What is the greatest common divisor of p and 154?
14
Let s(q) = q**3 - 76*q**2 - 159*q - 573. Let w be s(79). Calculate the greatest common divisor of 414 and w.
207
Suppose 4 = -7*w + 11. Let g be ((-154)/(-7))/(-3*w/(-3)). Calculate the greatest common factor of 88 and g.
22
Suppose 50*n = 18*n + 128. Suppose -3*w - n = m - 97, m - w = 81. What is the highest common factor of m and 36?
12
Suppose -5*m + 247 - 22 = 0. Suppose -14 = i - m. What is the greatest common factor of 31 and i?
31
Suppose 3*v - 340 = -v. Suppose 8*s - 68 = -4*w + 56, 91 = w - 4*s. Calculate the highest common divisor of w and v.
17
Let n = 14339 + -14219. Calculate the greatest common factor of 2440 and n.
40
Let a = 176 - 172. Suppose -a = 4*x, -2*f - 2*x = -x - 33. What is the greatest common divisor of 323 and f?
17
Suppose 3*a + 0*a - 180 = 0. Suppose -n - 29 = 4*g, n = -4*n + 15. Let z be ((g/6)/(-1))/((-4)/(-60)). Calculate the greatest common factor of z and a.
20
Let p = -102 + 107. Let f be (17/p - 4) + 4740/25. What is the greatest common divisor of f and 21?
21
Let y = 63 + -57. Suppose -106 - 146 = -y*x. Let o(i) = -i**2 + 8*i + 9. Let m be o(6). Calculate the greatest common divisor of x and m.
21
Let c = 39873 - 39729. Let n be 5 - (-2 + 1 + 0). Calculate the highest common divisor of c and n.
6
Suppose c = 2*r - 168, -4*c - 12 - 12 = 0. Let j = -117 + 333. Calculate the highest common factor of j and r.
27
Let y = 4321 + -4084. Calculate the greatest common divisor of 2686 and y.
79
Suppose 0 = -5*c - 2 - 78. Let o(z) = -2*z - 5. Let m be o(c). Ca